-5*4/6. What is the greatest common factor of 65 and b?
13
Let s(n) = -n + 19. Let m be s(-6). What is the greatest common factor of m and 10?
5
Suppose 0 = -8*s + 3*s. Suppose 2*g + 2*g = s. Suppose 5*c = 5*l - 133 - 92, g = 3*l - c - 137. Calculate the greatest common divisor of 23 and l.
23
Suppose 0 = 3*m - 2*l + 8 - 92, -3*m - 4*l + 84 = 0. Calculate the highest common divisor of m and 70.
14
Let p(k) = -3*k - 1. Let d be p(-1). Suppose d*q + 12 = -2*q. Let x be 2/(-3*q/27). Calculate the greatest common factor of x and 42.
6
Let l = 64 - 41. Let d(s) = 70*s**3 - 2*s**2 + 1. Let k be d(1). What is the highest common factor of k and l?
23
Suppose -4*o - 2 = -3*y - 12, 2*y - 2*o = -6. Let t be 9/1 + 2 + y. Let w be ((-39)/t - 1)*-3. Calculate the highest common divisor of w and 40.
8
Suppose -3*c = 2*c - 255. Suppose 3*g - 3 - c = 0. Suppose g = r + 7. Calculate the highest common divisor of 99 and r.
11
Suppose 184 = 226*x - 222*x. What is the greatest common divisor of 2 and x?
2
Let d(f) = 83*f**2 + 2*f - 1. Let o be d(1). Suppose -2*u = -3*u. Suppose -4*y + u*y + 48 = 0. Calculate the highest common factor of y and o.
12
Let b = -16 - -18. Suppose 0 = 3*u - 2*u + b*o + 9, -u = -2*o - 11. What is the greatest common divisor of 5 and u?
1
Suppose 3*j - 10 = -2*w, -2*j - 3*j + w = -34. Let q be j/(-5)*(-2 - 3). Let h = -9 - -15. Calculate the greatest common divisor of h and q.
6
Let q be (6/(-8) - -3)*12. Let v be (q/(-6))/((-2)/4). Calculate the greatest common factor of v and 63.
9
Let r be 21/6*-6*5/(-5). What is the greatest common factor of 42 and r?
21
Let w(c) = c**3 + 3*c**2 - 6*c - 2. Let f be w(-5). Let x = -1 - f. Let b = 13 - -1. Calculate the highest common divisor of x and b.
7
Suppose 2*p - 3*y - 48 = -7*y, 5*y + 30 = 2*p. Calculate the highest common divisor of p and 90.
10
Let a = -19 - -11. Let t = a + 17. What is the highest common factor of t and 72?
9
Let s be 12 - 0 - (3 + 5 - 7). What is the highest common factor of 11 and s?
11
Let d = 13 - 8. Suppose -d*c - 44 = -169. Let o = c + -15. Calculate the greatest common divisor of 60 and o.
10
Let y(g) = 9*g + 2. Let t be y(1). What is the highest common divisor of t and 11?
11
Let o be (-1 + 4)*6/9. What is the highest common divisor of 6 and o?
2
Let y = 25 - 10. Let v be 12*-2*(-10)/y. Let r be (-2694)/(-24) + 1/(-4). What is the greatest common factor of r and v?
16
Let j = -78 + 89. Calculate the greatest common divisor of j and 88.
11
Let x(m) = -2*m - 2*m + 3*m + 4*m. Let c be x(3). Suppose -i + 12 + 33 = 5*z, -5*i = 0. Calculate the greatest common divisor of c and z.
9
Let l(p) = -p**3 + 3*p**2 + 4*p - 6. Let c be l(4). Let z = 8 + c. What is the highest common factor of 18 and z?
2
Suppose 0 = s - 0*s - 38. Suppose 0 = -24*a - 12*a + 684. What is the highest common factor of a and s?
19
Let r(w) = -w**3 - 22*w**2 - 5*w - 2. Let b be r(-22). What is the greatest common divisor of 12 and b?
12
Let o be (62/(-6))/(2/(-6)). Calculate the highest common factor of 31 and o.
31
Let a(r) = r**3 + 5*r**2 - 2*r + 6. Let y be a(-5). Calculate the highest common divisor of y and 128.
16
Let y be (-2 + -1)*-1*(-360)/(-54). What is the highest common divisor of y and 160?
20
Let t(o) = -o**2 + 5*o + 6. Let i be t(7). Let m = -13 - i. Let r be ((-1)/m)/(9/45). Calculate the greatest common divisor of r and 3.
1
Suppose 64 = 4*b + 2*z + 20, -2*b = -4*z - 2. Let u(x) = -x**2 - 8*x + 2. Suppose 4*a = -3 - 25. Let p be u(a). Calculate the greatest common factor of p and b.
9
Suppose -6 = -2*m - 2. Suppose -3*p - 10 = -v - m*p, 3 = -3*p. Let r = 135 + -99. What is the highest common factor of r and v?
9
Suppose -2*w + 20 = 3*w. Let t(i) = -i**2 + 16*i + 36. Let f be t(16). Calculate the highest common divisor of f and w.
4
Let p = -133 - -241. What is the highest common divisor of 12 and p?
12
Let a be -3 + (-3 + -12)*(-3)/3. Suppose z + 2*z = 6. Suppose -z*h = -90 - 102. Calculate the greatest common factor of h and a.
12
Let m = -46 - -86. What is the highest common divisor of 5 and m?
5
Let v be (-1)/(-1 + 0) + 66. Let i = v + -41. Suppose -386 = -4*t - i. What is the highest common divisor of 18 and t?
18
Suppose 5*m + 4*x - 36 - 16 = 0, -5*x = -15. What is the highest common divisor of m and 64?
8
Suppose 102 = -3*w - 0*w. Let y = w + 99. Let r = 61 + -35. Calculate the greatest common divisor of y and r.
13
Suppose -3*a = -8*a - 135. Let s = -15 - a. What is the greatest common factor of s and 12?
12
Suppose 0 = 4*t + 1 + 7, 2*z = -3*t. Suppose 3*l = f + 17, -z*l - 3*f = -l - 4. Suppose 0 = -l*q + 71 + 34. Calculate the highest common divisor of 168 and q.
21
Suppose 3*s - 36 = -0*s. What is the greatest common divisor of s and 30?
6
Let k(c) = -c**3 + 11*c**2 + 15*c - 6. Let h be k(12). Suppose -3*o = 2 - 38. Calculate the greatest common factor of h and o.
6
Let z = 31 + -22. Let l = 185 - 104. Calculate the highest common divisor of z and l.
9
Let h = 6 - 4. Suppose 0 = -v - 3*v + 4*j + 100, -3*v - 2*j = -90. Let n be 10/(-2)*v/(-10). Calculate the highest common divisor of h and n.
2
Let a = -13 - -18. Suppose a*r = -1 - 4. Let l = 19 + r. Calculate the greatest common factor of 18 and l.
18
Suppose -4*r = -b - 734, 5*r - 843 = 4*b + 69. Let g be (-2)/(-3) + 67/3. Calculate the highest common divisor of r and g.
23
Suppose -3*l = -4*l + 126. Suppose -3*b + 53 = q, 5*b - 34 = 3*b - 2*q. What is the greatest common factor of b and l?
18
Let t(k) = 40*k**3 + 3*k**2 - 2*k + 1. Let x be t(1). What is the highest common divisor of 84 and x?
42
Let s(i) = -6*i + 21. Let g be s(-10). What is the highest common factor of 27 and g?
27
Suppose 5*y = -4*h + 47, 3*y = 4*h + 2*y - 29. Let o be ((-30)/h)/((-6)/(-16)). Let v = o + 35. What is the highest common factor of v and 50?
25
Suppose -5*b - 5*a = 268 + 287, 0 = 5*b + 4*a + 554. Let z be (b/(-15))/(4/6). What is the highest common divisor of z and 33?
11
Let n(v) = 4*v**3 - v**2 + 9*v - 9. Let r be n(3). What is the highest common divisor of 13 and r?
13
Suppose l + 5*i + 17 = 0, 3*i = -2*l - i - 16. Let w be (-1)/l*2*6. Calculate the highest common factor of 66 and w.
6
Suppose -2*k + 139 + 57 = 0. Calculate the greatest common factor of 14 and k.
14
Let f = 53 + 1. Suppose -3*g + 54 + f = 0. Let x(d) = -d**3 - 3*d**2 - 5*d - 3. Let r be x(-3). Calculate the greatest common factor of r and g.
12
Let q(f) = 7*f**2 - 5*f. Let g(l) = 2*l**2 - l. Let c(j) = 9*g(j) - 2*q(j). Let i be c(1). Calculate the greatest common divisor of 35 and i.
5
Let t(d) be the second derivative of -d + 4*d**2 + 0 + 1/12*d**4 + 3/2*d**3. Let a be t(-9). Calculate the highest common factor of a and 8.
8
Let n = -20 + 34. Suppose -h + n = 8. Let w be 0*(-1 + 0) - -24. What is the highest common divisor of w and h?
6
Let l = 3 + 4. Let j be 18/4 - l/(-14). Suppose 3*o = -y + 2*o + 50, -3*o - 210 = -j*y. What is the greatest common factor of 15 and y?
15
Suppose 0 = 2*s - 7*s + 325. What is the greatest common factor of 26 and s?
13
Let r = 6 - 5. What is the greatest common divisor of r and 9?
1
Suppose 0 = z - 0*z + 6. Let p = -3 - z. Suppose 3*y = j - 3*j + 20, p*j - 41 = y. Calculate the greatest common divisor of 143 and j.
13
Suppose -4*q - 21 = -1. Let h be 1 + q + 16/2. Calculate the greatest common factor of 16 and h.
4
Let s(l) = -5 + 5 + 11*l**3. Let t be s(1). Let j be (1/((-1)/(-22)))/2. What is the highest common factor of t and j?
11
Suppose 2 + 7 = -3*k. Let s = 39 - 44. Let w be s/(-3) + (-1)/k. Calculate the highest common factor of 5 and w.
1
Let k(n) = n**3 + 13*n**2 + 9*n + 6. Let q be k(-12). Suppose q = -h + 3*h. What is the highest common factor of 210 and h?
21
Let y(m) = -m - 5. Let k be y(-9). Let q be 1/(-2) + (-5)/(-10). Suppose f + 2*i = -i + 7, -5*i + 5 = q. Calculate the highest common factor of f and k.
4
Let f = 21 - 12. Suppose 3*h - 75 = -f. Calculate the highest common divisor of 110 and h.
22
Let o be 6*(20/12)/5. What is the highest common divisor of 2 and o?
2
Suppose 2*w - w = 30. Suppose 0 = -4*z + w + 2. Calculate the greatest common factor of z and 56.
8
Suppose -366 + 42 = -9*f. Calculate the greatest common factor of f and 18.
18
Let g(k) = 15*k**2 - k - 2. Let h be g(-2). Let m = -160 - -200. What is the g